+ 8. What is the units digit of o?
2
Suppose 16*n - 7*n = 144. What is the tens digit of n?
1
Let f(v) = -2*v - 8. Let c = -5 + -3. What is the units digit of f(c)?
8
Let c(l) = 2*l**2 + 3*l. Let h be c(-2). Let j be ((-2)/h)/((-1)/6). Let f = j - -3. What is the units digit of f?
9
What is the tens digit of (4/6)/((-20)/(-990))?
3
Let h(x) = -5 - 5 - 6 + 8 + 11*x. What is the units digit of h(4)?
6
Let s(o) = -o**2 + 11*o - 8. Let k be s(10). Suppose -22 + 2 = -k*j. What is the units digit of j?
0
Suppose 0 = -2*k + 4*z - 2, -k + 2 + 5 = 2*z. Let s(n) = 3*n - n**3 - k + 1 + 5*n**2 - 3*n + 4*n. What is the units digit of s(5)?
8
Suppose 2*f - 18 - 26 = 0. What is the tens digit of f?
2
Suppose 5*o + 37 = 6*o. What is the units digit of o?
7
Let k be ((-18)/7)/((-2)/84). Suppose 5*w + 3*r = 118, k = 4*w - 0*r - r. What is the tens digit of w?
2
Let i = 7 - -3. What is the tens digit of i?
1
Let v = -4 + 49. What is the tens digit of v?
4
Suppose -5*g = -g - 224. What is the units digit of g?
6
Let h(w) = w**3 + 15*w**2 - 6*w - 11. What is the tens digit of h(-15)?
7
Suppose 2*a - 6 = 5*s - 3*s, 0 = 2*a + 4*s. Suppose x - 59 = -5*w, 13 = a*w - 2*x - 1. What is the units digit of w?
1
Suppose -3*m - 2*m + 175 = 0. Let h = 68 - m. What is the units digit of h?
3
Suppose -8*v + 3*v + 310 = 0. What is the units digit of v?
2
Suppose -1 = 3*t - 4. Let s(w) = w**2 - 4*w + 3. Let g be s(3). What is the units digit of (g - t)*(-1 - 0)?
1
Suppose -24*v + 159 = -21*v. What is the tens digit of v?
5
Let q(d) be the first derivative of 2 - 5*d - 3/2*d**2. What is the units digit of q(-4)?
7
Let h(l) be the third derivative of l**6/120 + 2*l**5/15 - l**3 - 5*l**2. What is the tens digit of h(-3)?
3
What is the tens digit of 2/(-3)*(-189)/7?
1
Let n = -8 + 6. Let q be 145/6 - n/(-12). Suppose 2*d - q = -d. What is the units digit of d?
8
Let x(n) = -n + 9. Let b be x(4). Suppose -2*k - 5*v + 26 = 0, b*k - 5*v + 21 = 86. What is the tens digit of k?
1
Suppose -32 = -4*i + 4*v, -6*i - 2*v = -2*i - 38. What is the units digit of (-60)/(-9)*i/2?
0
Let n = -436 + 615. What is the tens digit of n?
7
What is the units digit of (-614)/(-7) + 2/7?
8
Let o = 15 - 24. Let g = o - -14. Suppose 5*k = -5, -2*p = 2*p - g*k - 17. What is the units digit of p?
3
Suppose 6*q - 682 + 208 = 0. What is the units digit of q?
9
Let f(q) = 2*q + 13. What is the units digit of f(11)?
5
Let f = -7 - -13. Suppose -5*w + 10 = 5*z, 3*z - 2*w + f*w = 8. Suppose 0 = -2*u - z*u - 5*i + 31, 3*u - 12 = 4*i. What is the units digit of u?
8
Suppose 1 = a - 0. Let k = a - -9. What is the tens digit of k?
1
Let x(n) = -n - 3. Let y be x(-6). What is the tens digit of 26/y*3 - 1?
2
Let x be (-10)/25 - 113/5. Let y = 67 + x. What is the units digit of y?
4
What is the units digit of (-9)/(-3 - 0)*(2 - -5)?
1
Let p = 0 + -5. Let d = -2 - p. What is the units digit of d?
3
Suppose -2*k = 5 - 3, l - 5*k = 0. Let c = 7 + l. Suppose c*i - 2 = 10. What is the units digit of i?
6
Let v = -6 - -4. Let w = 12 - v. What is the tens digit of w?
1
Let n(g) = -2*g**2 + 8*g - 3. Let b be n(6). Suppose -8*r + 6 + 10 = 0. What is the units digit of (b/(-6) + -2)*r?
5
Suppose -4*m = -2 - 6. Suppose 0 = -4*j + 5*j - m. Suppose 1 + j = 3*v. What is the units digit of v?
1
Let n(f) = f**3 + 6*f**2 + 4*f. Let j be n(-5). Suppose -j*l + 5*b + 0*b + 85 = 0, -5*b = -2*l + 43. What is the tens digit of l?
1
Let j = 9 + 19. What is the tens digit of j?
2
Suppose -7*r - 4*r + 3762 = 0. What is the units digit of r?
2
Let y(w) = -w**2 + 6*w - 5. Let d(c) = -c**3 + 3*c**2 + 5*c + 1. Let i be d(4). Suppose -i*a = -3*q - 13, 3*a - 11 = -q + 2*q. What is the units digit of y(q)?
3
Suppose 2*o + o - 15 = -4*p, o - 13 = -4*p. Let v be -3*(2 + 33/(-9)). Let k = v - o. What is the units digit of k?
4
Let r(l) = -l**3 + 16*l**2 - 15*l + 3. Let g be r(15). Suppose 0 = -3*a - 3*q + 141, 3 = g*q - 4*q. What is the units digit of a?
0
Suppose 4*o = 3*w - 88, -3*w + o + 96 = 11. What is the tens digit of w/8*44/7?
2
What is the tens digit of 3 - ((-53)/(-4))/(10/(-40))?
5
Suppose -2 + 8 = -2*j, s - 18 = 4*j. Suppose 3*p + 3 = s. What is the units digit of p?
1
Suppose 0 = -4*f - 3 + 23. Suppose -4*k = 2*u - 14, -f*k = -2*u + 7*u - 25. Suppose -4 = u*a - 25. What is the units digit of a?
7
Let o be (-10)/(-35) + (-19)/(-7). Let r(h) = -3 + 7*h + 7 + 2*h**2 - o*h**2 + 1. What is the units digit of r(6)?
1
Suppose -4*v + 90 = -v + 5*g, -3*v = -2*g - 69. What is the units digit of v?
5
Suppose 2*v + 3*d = 3*v - 20, -3*v - d + 100 = 0. What is the tens digit of v?
3
Suppose r = -4*l + 37, -3*l + 48 = 2*r - 31. What is the units digit of r?
1
Suppose 0 = 4*c + 8. Let g be c + (1 - (-2 + -1)). What is the units digit of g/1 - -1 - -3?
6
Let v be (-6)/(-1) - (0 + -3). Let u(i) = -2*i**3 + i**3 - 2*i**3 + v + 4*i**3 + i**2. What is the units digit of u(0)?
9
Suppose -5*c - d = -2 - 45, 33 = 3*c - d. What is the tens digit of c?
1
Suppose -2*l - 10 = -3*l. Suppose -2*n = -26 - l. What is the units digit of n?
8
Let u = -5 + 44. What is the units digit of u?
9
Let u be 40/((-2)/(-3 - -1)). Suppose 2*f + 3*f = u. What is the units digit of f?
8
Suppose 0 = r - 2*u - 15, 2*u + 30 = 4*r - 0*r. Let i(o) = o**2 + 2*o - 3. Let b be i(2). Suppose b*k = -0*k + r. What is the units digit of k?
1
Suppose 0*h = -4*h - 12. Let u(j) = -j**2 - 5*j - 2. What is the units digit of u(h)?
4
Let l(b) = 5 - 2*b - 4 + b. What is the tens digit of l(-14)?
1
What is the tens digit of 2*(-3 + 219/(-6))/(-1)?
7
Let p(j) = 4*j - 6. Let b be p(4). Let r = 14 + b. What is the tens digit of r?
2
Let w = 95 + -23. What is the units digit of w?
2
Let d be 2*(-9)/6 + 23. Suppose -5*h = -d - 10. What is the units digit of h?
6
Suppose 4*j + 5 = 13. Let c = 2 + -2. Suppose 4*y - j*g + c*g = 18, -23 = -4*y - 3*g. What is the units digit of y?
5
Suppose 5*r + 4*q + 23 = 0, -4 = -r + q - 5. Let j(m) = 4*m**2 + 2*m - 1. Let p be j(r). Let k = p - 18. What is the tens digit of k?
1
Suppose 5*o = 4*z + 3*o + 32, 2*o = -4*z - 24. Let y = 10 + z. What is the tens digit of 3/(y/14) + 1?
1
Let v(z) be the first derivative of -z**4/4 - 2*z**3/3 - z**2 + 3. Let x(a) be the second derivative of v(a). What is the units digit of x(-3)?
4
Let z = 221 - 99. What is the tens digit of z?
2
Let h be -1 + (-9)/(-4 - -1). Suppose h*k - 20 + 6 = 0. What is the units digit of k?
7
Let h = 1 + 0. Suppose 0*a - 2*y + 3 = 5*a, 0 = -y - h. What is the tens digit of (-2)/(-6)*33*a?
1
Let d = -7 - -5. What is the units digit of 19 + 6*d/4?
6
Let s = -18 + 14. What is the units digit of (s - 11)*(-2)/2?
5
Suppose -3*r - 2*t - 574 = -5*r, -2*t + 6 = 0. What is the units digit of r?
0
Let v(f) = f + 13. What is the units digit of v(6)?
9
Let g(f) = f**3 + 6*f**2 + 2*f - 1. Let a = -7 - -2. Let u be g(a). Suppose 2*k - u = -o - 3*k, -k - 10 = -3*o. What is the units digit of o?
4
Suppose -2*i = 5*l + 3*i + 25, -5*l + 3*i = 1. What is the units digit of l/(-11) - (-18)/22?
1
Suppose 0*j = 4*j + 116. Let s be (-326)/(-8) - 2/(-8). Let y = s + j. What is the tens digit of y?
1
Let k be (21/12 + -1)*4. Suppose -k*v - v = -12. What is the units digit of v?
3
Let l = 16 + -7. Let k(a) = a - 7. What is the units digit of k(l)?
2
Let j(f) = f**2 + 2*f - 3. Let p be j(2). Suppose -2 = 4*s - p*s. Suppose 4*o = s*o + 6. What is the units digit of o?
3
Let h be (7/14)/((-2)/4). Let g be (-3 - (h - 1))/(-1). What is the units digit of 1/(-2)*(-2)/g?
1
Let r be ((-4)/(-5))/(2/(-10)). What is the units digit of (-8)/(-5) + r/(-10)?
2
Let l(v) = -v**2 + 6*v + 10. Let d = -17 + 24. Let t be l(d). Suppose -7 + 4 = -x, -13 = -4*i - t*x. What is the units digit of i?
1
Suppose 3*g = -5*n + 16, 5*g - 3*g - n + 11 = 0. Let v = g + 15. What is the tens digit of v?
1
Suppose -11*f = 5*f - 2288. What is the units digit of f?
3
Let k(b) = -b**2 + 4*b + 2. Let g be k(4). What is the tens digit of (-1)/(-2*g/60)?
1
Let v = 27 + -16. Let r = v + -8. What is the units digit of r?
3
Suppose -9 - 1 = 2*g - 5*d, 3*g + 3*d - 6 = 0. Suppose g = n - 6*n + 15. Suppose 0*y = -3*a - 4*y + 10, -n*a = 5*y - 11. What is the units digit of a?
2
Suppose 5*s - 84 = 16. What is the tens digit of 470/s + (-1)/(-2)?
2
Let t be (-3)/(-6)*8*2. Suppose 2*f - t =